t is the tens digit of 1662062501?
0
What is the thousands digit of 15362229?
2
What is the thousands digit of 29700175?
0
What is the ten thousands digit of 3230339118?
3
What is the hundred thousands digit of 1196980484?
9
What is the tens digit of 95849784?
8
What is the hundred millions digit of 421800742?
4
What is the hundred millions digit of 129009022?
1
What is the units digit of 38635802?
2
What is the ten millions digit of 67101572?
6
What is the millions digit of 343308961?
3
What is the ten thousands digit of 1212068379?
6
What is the hundred thousands digit of 47378020?
3
What is the tens digit of 279685664?
6
What is the ten thousands digit of 1162247640?
4
What is the hundreds digit of 33930251?
2
What is the ten millions digit of 3859993794?
5
What is the tens digit of 3176523032?
3
What is the hundreds digit of 63485016?
0
What is the billions digit of 2157368092?
2
What is the ten thousands digit of 94374482?
7
What is the hundred thousands digit of 220617153?
6
What is the hundreds digit of 178172376?
3
What is the ten millions digit of 150675353?
5
What is the hundreds digit of 1186678861?
8
What is the units digit of 25272386?
6
What is the hundred thousands digit of 244030109?
0
What is the tens digit of 22248720?
2
What is the units digit of 29474659?
9
What is the ten millions digit of 2283915820?
8
What is the thousands digit of 686323933?
3
What is the billions digit of 4021066407?
4
What is the tens digit of 528888006?
0
What is the thousands digit of 2854693664?
3
What is the ten thousands digit of 4401101832?
0
What is the hundreds digit of 331525110?
1
What is the hundreds digit of 376800?
8
What is the hundred millions digit of 177822624?
1
What is the billions digit of 2571967906?
2
What is the hundred millions digit of 4254567973?
2
What is the units digit of 1434952889?
9
What is the millions digit of 543774710?
3
What is the ten thousands digit of 115443772?
4
What is the millions digit of 153314837?
3
What is the hundred thousands digit of 434304875?
3
What is the ten millions digit of 70764772?
7
What is the hundreds digit of 459633466?
4
What is the hundred thousands digit of 327428566?
4
What is the hundred millions digit of 133545870?
1
What is the hundred millions digit of 347851270?
3
What is the hundred millions digit of 3037792493?
0
What is the tens digit of 20780712?
1
What is the millions digit of 4248153114?
8
What is the millions digit of 3025763152?
5
What is the ten thousands digit of 309545243?
4
What is the ten millions digit of 1416440899?
1
What is the ten millions digit of 106029823?
0
What is the units digit of 212610545?
5
What is the hundreds digit of 58518964?
9
What is the ten thousands digit of 5995536073?
3
What is the ten thousands digit of 45485308?
8
What is the units digit of 39614688?
8
What is the thousands digit of 62127547?
7
What is the tens digit of 606840800?
0
What is the hundred thousands digit of 952286480?
2
What is the millions digit of 1145830557?
5
What is the millions digit of 650697183?
0
What is the hundred thousands digit of 27992869?
9
What is the hundreds digit of 553070382?
3
What is the hundred millions digit of 1495665237?
4
What is the hundreds digit of 1193639707?
7
What is the ten thousands digit of 61783642?
8
What is the ten millions digit of 71608357?
7
What is the hundreds digit of 60580164?
1
What is the millions digit of 1705272337?
5
What is the ten thousands digit of 499094623?
9
What is the ten millions digit of 1508524186?
0
What is the millions digit of 8111438?
8
What is the units digit of 193069809?
9
What is the millions digit of 154231554?
4
What is the billions digit of 8592571723?
8
What is the tens digit of 6935418?
1
What is the ten millions digit of 14119749?
1
What is the tens digit of 368223716?
1
What is the hundreds digit of 4126976?
9
What is the ten thousands digit of 308872754?
7
What is the hundreds digit of 28185661?
6
What is the thousands digit of 28588300?
8
What is the hundred thousands digit of 47354686?
3
What is the thousands digit of 144901505?
1
What is the thousands digit of 440023943?
3
What is the billions digit of 2852413490?
2
What is the millions digit of 2171791659?
1
What is the ten thousands digit of 596380584?
8
What is the tens digit of 824211820?
2
What is the hundred thousands digit of 435644429?
6
What is the millions digit of 81785454?
1
What is the hundred millions digit of 905890174?
9
What is the billions digit of 1393229177?
1
What is the thousands digit of 24979104?
9
What is the billions digit of 7094845496?
7
What is the units digit of 3313819513?
3
What is the millions digit of 12997942?
2
What is the units digit of 480919454?
4
What is the ten millions digit of 962409987?
6
What is the ten millions digit of 23790622?
2
What is the ten millions digit of 62108548?
6
What is the tens digit of 960718099?
9
What is the hundreds digit of 135704809?
8
What is the hundred thousands digit of 221295676?
2
What is the units digit of 2705885078?
8
What is the thousands digit of 20970842?
0
What is the millions digit of 9958935?
9
What is the tens digit of 209788?
8
What is the units digit of 199372701?
1
What is the hundreds digit of 551459384?
3
What is the ten millions digit of 779396570?
7
What is the tens digit of 43794500?
0
What is the tens digit of 2491518292?
9
What is the hundreds digit of 135927059?
0
What is the tens digit of 94107080?
8
What is the ten thousands digit of 47233142?
3
What is the ten thousands digit of 398184619?
8
What is the thousands digit of 1197685884?
5
What is the billions digit of 1120754991?
1
What is the ten thousands digit of 91153748?
5
What is the billions digit of 1075986814?
1
What is the millions digit of 57502357?
7
What is the hundreds digit of 917918480?
4
What is the units digit of 3538160406?
6
What is the tens digit of 32446774?
7
What is the millions digit of 229894139?
9
What is the ten thousands digit of 1472899589?
9
What is the ten thousands digit of 333780854?
8
What is the thousands digit of 1840730534?
0
What is the hundreds digit of 12291140?
1
What is the hundreds digit of 353787787?
7
What is the hundred thousands digit of 44117043?
1
What is the ten millions digit of 63310010?
6
What is the hundred thousands digit of 1565401510?
4
What is the millions digit of 247600504?
7
What is the units digit of 181699654?
4
What is the hundred millions digit of 903144353?
9
What is the hundreds digit of 2067039104?
1
What is the ten millions digit of 1564523667?
6
What is the hundreds digit of 939004065?
0
What is the hundred millions digit of 242833370?
2
What is the ten millions digit of 1909306106?
0
What is the ten thousands digit of 1862301272?
0
What is the hundred thousands digit of 5788356553?
3
What is the ten thousands digit of 44739222?
3
What is the billions digit of 3290336503?
3
What is the tens digit of 670719684?
8
What is the tens digit of 8754531?
3
What is the ten thousands digit of 3591740154?
4
What is the ten thousands digit of 3185011636?
1
What is the ten thousands digit of 45917758?
1
What is the units digit of 154997091?
1
What is the hundred millions digit of 115361639?
1
What is the millions digit of 60852590?
0
What is the thousands digit of 22109758?
9
What is the thousands digit of 32555513?
5
What is the hundreds digit of 514213?
2
What is the hundreds digit of 642233290?
2
What is the ten millions digit of 1708609073?
0
What is the ten thousands digit of 954040572?
4
What is the thousands digit of 207646672?
6
What is the ten thousands digit of 29488503?
8
What is the hundred thousands digit of 155438380?
4
What is the hundred thousands digit of 133530939?
5
What is the tens digit of 146195329?
2
What is the thousands digit of 239471496?
1
What is the hundreds digit of 148431182?
1
What is the hundred millions digit of 220539009?
2
What is the hundred millions digit of 500285116?
5
What is the hundreds digit of 435274700?
7
What is the billions digit of 1866131421?
1
What is the tens digit of 1508001777?
7
What is the hundred thousands digit of 118245709?
2
What is the ten thousands digit of 506349844?
4
What is the hundred millions digit of 1862881858?
8
What is the hundred thousands digit of 3572949570?
9
What is t